 2*p + 1. Let q(s) = s**2 - s - 1. Let k(d) = -4*q(d) - 3*x(d). Calculate k(b).
-7
Let g(u) = u**2 + u**2 + 1 + 0*u**2 - 3*u**2 - u. Give g(-4).
-11
Let c be (3/(-2))/((-6)/8). Let d be (-1 - 3 - 1) + c. Let x(q) = q**2 + 3*q - 1. Give x(d).
-1
Let r(t) = t - 7. Suppose -2*h + 5*a = -13 - 5, -a = 4*h - 36. Calculate r(h).
2
Suppose 5*f - 6 = -1. Let c(q) = -4*q**3 + q**2 - q. Determine c(f).
-4
Let w(t) = t**3 - 5*t**2 + 3*t - 6. Let s(u) = -u**2 - 7*u - 5. Let h = -8 + 11. Suppose -3*d - 25 = -2*c, -d + h*c - 6*c = -10. Let y be s(d). Determine w(y).
9
Let w(q) be the third derivative of -1/6*q**3 + 0*q + 2*q**2 - 3/20*q**5 + 1/12*q**4 + 0. What is w(1)?
-8
Let v be (8/(-5))/((-4)/(-10)). Let o(u) = u**3 + 5*u**2 + 4*u - 5. Calculate o(v).
-5
Suppose 6*a + 30 = a. Let q = a + 10. Let s(g) = 3*g - 4*g + q + 2. Calculate s(5).
1
Let s(o) = 1. Let t(k) = 4*k**2 - k - 3. Let p(f) = -3*s(f) - t(f). Calculate p(1).
-3
Let f(m) = -m**2 - 10*m + 7. Let v be f(-10). Let x(r) = r**3 - 7*r**2 - 2*r + 6. Calculate x(v).
-8
Let l(n) be the first derivative of -n**4/4 + 2*n**3/3 - n - 22. What is l(-1)?
2
Let y(r) = -2*r + 2. Let v(q) = -q. Let h(k) = v(k) - y(k). Let t = -7 + 6. Let x(a) = 3*a**2 + a. Let p be x(t). Determine h(p).
0
Suppose -3*o = 1 - 10. Let x(z) = -z**2 - 2*z + 1. Calculate x(o).
-14
Let l(h) = 2*h**3 - h**2 + h - 1. Suppose 0 = 5*m - 4*x - 0 + 2, 0 = 2*m + 3*x + 10. Determine l(m).
-23
Suppose -h + 25 = h - 5*d, 0 = -4*d - 12. Let l(a) = -a + 3. Determine l(h).
-2
Let t(h) = -10 + h - 1 + 9. Determine t(6).
4
Suppose 0 = -4*p + p + 6. Let y(c) be the first derivative of c**4/2 - c**3 + c**2/2 + c - 3. Calculate y(p).
7
Let l(r) = -r**3 + r**2 + r. Let h be 9/(-3)*3/(-9). Let u(q) = -q**3 + 6*q**2 + 5*q - 1. Let s(m) = h*u(m) - 5*l(m). Let g be 6/(-24) - (-5)/4. Give s(g).
4
Let v(r) = 118 - 121 - 2*r + 12*r. What is v(2)?
17
Suppose 4*t = -2*o - 2, 2*t + 1 = -4*o - 3. Let z(w) = 1 - w**2 + 2*w - 2*w + 5*w**3. Determine z(o).
-5
Suppose 6*g - 11 = 4*g + z, -2*g + 2*z = -16. Let w(v) = -7*v - 4. What is w(g)?
-25
Let o(n) be the second derivative of -n**6/120 - n**5/10 - n**4/6 + 5*n**3/6 - 5*n**2/2 - 5*n. Let w(q) be the first derivative of o(q). What is w(-5)?
0
Let y be (5/4)/((-2)/8). Let c(g) = -g - 10. Let i(r) = 1. Let a(j) = y*i(j) - c(j). What is a(-3)?
2
Let t(n) be the second derivative of -3/2*n**2 - 4*n + 0 - 1/3*n**3. Determine t(-3).
3
Let l(v) = -4 + v**3 + 2 + 6*v - 3 + 4 + 6*v**2. Let q(u) = 6*u + 1. Suppose 2*n + n + 23 = -4*g, 20 = -4*g. Let d be q(n). Calculate l(d).
-6
Let g = -18 - -30. Suppose 0 = 5*z - g - 8. Let u = z - 6. Let f(o) = 3*o - 1. What is f(u)?
-7
Let n(a) = a + 3. Suppose 5 - 17 = -3*r. Determine n(r).
7
Let i(n) = n - 3. Let a(j) = j - 8. Let d be a(-7). Let k = d + 7. Let u = k - -14. What is i(u)?
3
Let k be 3 - ((-1 - -1) + -2). Let d(i) = i**2 - 6*i + 2. Let a be d(k). Let z(x) = -x - 4. Give z(a).
-1
Suppose 0 = 5*d - d + x - 8, 2*d = -4*x + 4. Let j(q) be the first derivative of d*q**3 + 4*q**2 - 2 + 6*q + 1/4*q**4. Give j(-5).
-9
Let d(b) = -b**3 - 6*b**2 - 5*b + 4. Let j(y) = 7*y + 24. Let t be j(-4). Calculate d(t).
-8
Let j(d) = d**2 - d. Let l = 11 + -7. Suppose -3*b = 9, -b - 2*b - l = 5*q. Determine j(q).
0
Let p(g) = g**3 + 5*g**2 + g + 7. Let o be p(-5). Let a = -4 - -13. Let c(z) = -2*z - o*z + a*z. Calculate c(1).
5
Let s(u) = -u**3 - 2*u**2 + 2*u + 1. Let i be ((-8)/(-14))/(4/14). Suppose o + 5*w = i*w + 9, -2*o + 2*w = 14. What is s(o)?
4
Suppose u + u + 1 = -i, -u = -3*i + 18. Suppose -2*b = i*c - 8 - 20, 4*c - 28 = -3*b. Suppose b = -4*o - 0. Let w(x) = 3*x**2 - x - 1. Give w(o).
3
Let v be ((0 + 3)/(-9))/(8/24). Let b(o) = o + 2. Determine b(v).
1
Let l = -21 - -15. Let q(n) = -5 - 8*n - 2 - 4*n**2 - n**3 - 3*n**2. Calculate q(l).
5
Let n(z) = -z**2 - z + 1. Let r(g) = -4*g**2 + 2*g**3 - 8*g + 7 - 4*g**2 - g**3. Let t(y) = y**2 - 5*y - 1. Let f be t(4). Let s(i) = f*n(i) + r(i). Give s(4).
6
Let r(d) be the first derivative of 2*d**3 + 1/4*d**4 + 3*d**2 - 1 + 5*d. Give r(-5).
0
Let r(d) = d**2 + 1. Let v(h) = -h + 6. Let u be v(5). Suppose -2 + u = -l. Determine r(l).
2
Let i be (-3)/(-5) + (-6)/(-15). Let a(x) = -2*x - 2 - 3 + i + 2. Let d(r) = -r + 2. Let n be d(4). Give a(n).
2
Suppose 0 = 2*v - 4*v. Let l(f) be the third derivative of -f**6/720 - f**5/40 - f**4/24 + 2*f**2. Let g(s) be the second derivative of l(s). Determine g(v).
-3
Suppose 3*r - 31 - 9 = -2*a, 0 = 2*r + a - 25. Suppose r = 2*f + 2*q, -5*f - 7 = -4*f - 3*q. Let s(z) = z + 1 - f*z + 4. Calculate s(4).
1
Let w(l) = l + 4*l + 19 - 7 - 6*l. Let a(j) = j**3 - 5*j**2 - 6*j + 5. Let d be a(6). Let f(s) = s - 11. Let x(i) = d*w(i) + 6*f(i). What is x(0)?
-6
Let y(g) = -g**2 - g + 2. Let v be y(0). Let q(j) be the third derivative of 1/60*j**5 + 5/24*j**4 + 7/6*j**3 - 2*j**v + 0 + 0*j. Give q(-5).
7
Let t(r) = r + 7. Suppose 4*k + 6 = -0*a + a, 12 = 2*a - k. Let x be 3/(1*a)*0. Suppose -m = 5 - x. Calculate t(m).
2
Let d(f) = -24*f**2 + 4*f**2 + 21*f**2 + 4 + 3*f. Give d(-3).
4
Suppose -3*a + 15 = 0, -2*t + 4*a - 12 = 8. Let m(j) = j - 1. Determine m(t).
-1
Let u(z) = -z**3 + z**2 + 3*z - 3. Let p be 4 + -2 - 1 - -2. Calculate u(p).
-12
Let z(r) = -r + 9. Let c be z(5). Suppose -2*t = 2*u - 4*t - 10, -c*t = 4*u - 4. Let p(y) = -4*y + 4 + 5*y**2 - 5*y + u*y - y**3. Give p(4).
-4
Let w(q) = 5*q**2 + q. Let t be w(1). Let d(k) = 2*k**2 + 6*k + 3. Let c be d(-4). Let j = c - t. Let y(b) = b - 12. Determine y(j).
-7
Let u(g) = -g + 4. Let z be 60/(-35)*14/(-4). Determine u(z).
-2
Let o = 115 + -110. Let s(p) = p**2 - p - 1. Give s(o).
19
Let r(z) be the first derivative of -z**4/4 + 2*z**3 + 4*z + 10. Give r(6).
4
Let c(k) = -k**2 + k - 3. Let x(z) = z**3 + z**2 + 2*z + 3. Let j be x(0). What is c(j)?
-9
Let f be 0/(-2)*(-1 - (-6)/9). Let h(k) = k + 13. Let v(j) = -1. Let z(i) = -h(i) - v(i). Calculate z(f).
-12
Let k(l) be the first derivative of l**2 - 3*l - 7. Calculate k(-5).
-13
Let o(j) be the first derivative of 4 - 3*j**2 - 2*j + 0*j**4 + 1/20*j**5 + 1/6*j**3. Let x(h) be the first derivative of o(h). Give x(0).
-6
Let s(a) = a**2 + 3*a - 4. Let y(p) = p**3 + p**2 + p - 1. Let w be y(1). Suppose -12 - w = -2*u. Suppose -4*z = -u*z - 15. What is s(z)?
6
Let i(y) = -y**2 - 8*y - 4. Let o be i(-8). Let s(v) be the second derivative of v**5/20 + v**4/3 - v**2/2 + 3*v. Calculate s(o).
-1
Let n(m) = -m**3 + m**2 - m + 1. Let i be n(1). Let j(b) = -b - 1 - 6 + 2*b. Let y(o) = -3*o + 22. Let x(z) = 8*j(z) + 3*y(z). Determine x(i).
10
Let f(y) = 3*y + 1. Let h be -11 + 4 + (-2 + 0)*-1. Determine f(h).
-14
Let x(u) = 2*u**2 - 7*u + 1. Let l be x(5). Suppose -5*j - t = 31, 0 = -3*j + 3*t - t - l. Let y(i) = i**2 + 7*i + 1. Determine y(j).
-5
Let r = 19 - 15. Suppose -2*a + 11 = -w - 2, -w - a = r. Let v(z) = z**2 + 7*z + 3. Determine v(w).
3
Let t(s) be the second derivative of -1/20*s**5 + 5*s + 0 + 2/3*s**3 + 3/2*s**2 + 1/3*s**4. Calculate t(5).
-2
Let j(o) be the second derivative of 5*o**3/6 + o**2/2 + 11*o. Give j(1).
6
Let t(z) = -5*z**2 + 15*z + 14. Let c(i) = 6*i**2 - 16*i - 15. Suppose -o = -2*o + 7. Let h(q) = o*t(q) + 6*c(q). Calculate h(-6).
-10
Let x be (-2)/6*(-6 - -6) - 2. Let k(n) = 6*n + 1. Determine k(x).
-11
Let q(a) be the third derivative of a**6/6 + a**5/30 - a**3/6 + 4*a**2. Determine q(-1).
-19
Let i(p) be the first derivative of 3*p**2/2 - 2. Let q be (0 + 3)*3/9. Give i(q).
3
Suppose 4*n + 5*f + 14 = 0, n + 5*f = 3*n - 8. Let a(o) = -12*o - 1. Give a(n).
11
Let o(l) = -l**2 + 6*l + 9. Suppose 5*j + 4*z = z + 27, 3*j = -3*z + 21. Suppose -c + 2*c + j*h - 19 = 0, 2*h = 3*c - 13. Calculate o(c).
2
Let q(v) be the first derivative of 10*v**3/3 - v**2/2 + v + 7. Let f(p) = -p - 5. Let a be f(0). Let u = -4 - a. Calculate q(u).
10
Suppose -3*o + 4 = o, -3*o + 24 = -3*x. Let t(s) be the third derivative of -s**6/120 - 7*s**5/60 - s**3/2 - 6*s**2. What is t(x)?
-3
Let g(b) = -b + 2. Let m(a) = a + 2. Let y be m(-2). Let f(k) = 1 + y + 0 - 3*k. Let s be f(2). Calculate g(s).
7
Let v(z) = -3*z - 3. Let y(i) = -i - 1. Let g(t) = 2*v(t) - 5*y(t). Let o(q) = -7*q - 7. Let s(p) = -24*g(p) + 3*o(p). Give s(-2).
-3
Let y(h) be the third derivative of h**5/60 + h**4/12 - h**3/2 - 4*h**2. Give y(2).
5
Let d